{"id":529,"date":"2021-12-23T22:43:09","date_gmt":"2021-12-23T22:43:09","guid":{"rendered":"https:\/\/startersites.io\/blocksy\/garderobe\/?post_type=product&#038;p=529"},"modified":"2025-05-28T01:21:55","modified_gmt":"2025-05-28T01:21:55","slug":"filtro-cabina","status":"publish","type":"product","link":"https:\/\/inducontrol.com.mx\/?producto=filtro-cabina","title":{"rendered":"Filtro de cabina"},"content":{"rendered":"","protected":false},"excerpt":{"rendered":"<p>El filtro de cabina Inducontrol est\u00e1 dise\u00f1ado para reducir la entrada de part\u00edculas da\u00f1inas y alerg\u00e9nicas en el sistema de aire acondicionado del veh\u00edculo, adem\u00e1s de mantener el aire fresco, limpio y saludable para los usuarios.<\/p>\n","protected":false},"featured_media":920,"template":"","meta":[],"product_brand":[],"product_cat":[19],"product_tag":[],"class_list":{"0":"post-529","1":"product","2":"type-product","3":"status-publish","4":"has-post-thumbnail","6":"product_cat-aire-cabina","8":"first","9":"instock","10":"shipping-taxable","11":"product-type-simple"},"_links":{"self":[{"href":"https:\/\/inducontrol.com.mx\/index.php?rest_route=\/wp\/v2\/product\/529","targetHints":{"allow":["GET"]}}],"collection":[{"href":"https:\/\/inducontrol.com.mx\/index.php?rest_route=\/wp\/v2\/product"}],"about":[{"href":"https:\/\/inducontrol.com.mx\/index.php?rest_route=\/wp\/v2\/types\/product"}],"wp:featuredmedia":[{"embeddable":true,"href":"https:\/\/inducontrol.com.mx\/index.php?rest_route=\/wp\/v2\/media\/920"}],"wp:attachment":[{"href":"https:\/\/inducontrol.com.mx\/index.php?rest_route=%2Fwp%2Fv2%2Fmedia&parent=529"}],"wp:term":[{"taxonomy":"product_brand","embeddable":true,"href":"https:\/\/inducontrol.com.mx\/index.php?rest_route=%2Fwp%2Fv2%2Fproduct_brand&post=529"},{"taxonomy":"product_cat","embeddable":true,"href":"https:\/\/inducontrol.com.mx\/index.php?rest_route=%2Fwp%2Fv2%2Fproduct_cat&post=529"},{"taxonomy":"product_tag","embeddable":true,"href":"https:\/\/inducontrol.com.mx\/index.php?rest_route=%2Fwp%2Fv2%2Fproduct_tag&post=529"}],"curies":[{"name":"wp","href":"https:\/\/api.w.org\/{rel}","templated":true}]}}