{"id":532,"date":"2021-12-23T22:46:01","date_gmt":"2021-12-23T22:46:01","guid":{"rendered":"https:\/\/startersites.io\/blocksy\/garderobe\/?post_type=product&#038;p=532"},"modified":"2025-05-28T01:09:17","modified_gmt":"2025-05-28T01:09:17","slug":"cabina-polen","status":"publish","type":"product","link":"https:\/\/inducontrol.com.mx\/?producto=cabina-polen","title":{"rendered":"Filtro de aire"},"content":{"rendered":"","protected":false},"excerpt":{"rendered":"<p>Dise\u00f1ados para evitar que el polvo da\u00f1ino entre en el pist\u00f3n, anillos y cilindros del veh\u00edculo. Fabricados con poliuretano de baja densidad que brinda un sellado flexible. Mantiene alejadas las part\u00edculas de polvo m\u00e1s peque\u00f1as evitando el desgaste prematuro del motor.<\/p>\n","protected":false},"featured_media":919,"template":"","meta":[],"product_brand":[],"product_cat":[29],"product_tag":[],"class_list":{"0":"post-532","1":"product","2":"type-product","3":"status-publish","4":"has-post-thumbnail","6":"product_cat-filtro-de-aire-de-motor","8":"first","9":"instock","10":"shipping-taxable","11":"product-type-simple"},"_links":{"self":[{"href":"https:\/\/inducontrol.com.mx\/index.php?rest_route=\/wp\/v2\/product\/532","targetHints":{"allow":["GET"]}}],"collection":[{"href":"https:\/\/inducontrol.com.mx\/index.php?rest_route=\/wp\/v2\/product"}],"about":[{"href":"https:\/\/inducontrol.com.mx\/index.php?rest_route=\/wp\/v2\/types\/product"}],"wp:featuredmedia":[{"embeddable":true,"href":"https:\/\/inducontrol.com.mx\/index.php?rest_route=\/wp\/v2\/media\/919"}],"wp:attachment":[{"href":"https:\/\/inducontrol.com.mx\/index.php?rest_route=%2Fwp%2Fv2%2Fmedia&parent=532"}],"wp:term":[{"taxonomy":"product_brand","embeddable":true,"href":"https:\/\/inducontrol.com.mx\/index.php?rest_route=%2Fwp%2Fv2%2Fproduct_brand&post=532"},{"taxonomy":"product_cat","embeddable":true,"href":"https:\/\/inducontrol.com.mx\/index.php?rest_route=%2Fwp%2Fv2%2Fproduct_cat&post=532"},{"taxonomy":"product_tag","embeddable":true,"href":"https:\/\/inducontrol.com.mx\/index.php?rest_route=%2Fwp%2Fv2%2Fproduct_tag&post=532"}],"curies":[{"name":"wp","href":"https:\/\/api.w.org\/{rel}","templated":true}]}}